dred thousands digit of 3031872?
0
What is the millions digit of 2541980?
2
What is the ten millions digit of 10590603?
1
What is the tens digit of 190205?
0
What is the thousands digit of 99630?
9
What is the thousands digit of 16141?
6
What is the hundreds digit of 2863961?
9
What is the hundreds digit of 332610?
6
What is the thousands digit of 5615202?
5
What is the thousands digit of 196926?
6
What is the thousands digit of 52965?
2
What is the ten thousands digit of 1099163?
9
What is the thousands digit of 315315?
5
What is the units digit of 603302?
2
What is the ten thousands digit of 351323?
5
What is the tens digit of 2894500?
0
What is the hundreds digit of 1035013?
0
What is the units digit of 479788?
8
What is the ten thousands digit of 9333888?
3
What is the ten thousands digit of 365553?
6
What is the ten thousands digit of 935169?
3
What is the ten thousands digit of 4495784?
9
What is the units digit of 884373?
3
What is the units digit of 238916?
6
What is the thousands digit of 20903?
0
What is the ten thousands digit of 99517?
9
What is the hundreds digit of 45586?
5
What is the thousands digit of 605645?
5
What is the units digit of 822112?
2
What is the ten thousands digit of 365165?
6
What is the units digit of 8516541?
1
What is the thousands digit of 5072229?
2
What is the ten thousands digit of 410639?
1
What is the units digit of 768086?
6
What is the thousands digit of 6968909?
8
What is the hundred thousands digit of 14187180?
1
What is the hundreds digit of 15799?
7
What is the millions digit of 1867578?
1
What is the hundred thousands digit of 3367736?
3
What is the thousands digit of 17817299?
7
What is the thousands digit of 370377?
0
What is the hundred thousands digit of 7525643?
5
What is the hundreds digit of 318025?
0
What is the tens digit of 231674?
7
What is the tens digit of 49305?
0
What is the hundreds digit of 309137?
1
What is the hundreds digit of 441134?
1
What is the hundred thousands digit of 2262920?
2
What is the units digit of 772530?
0
What is the tens digit of 690156?
5
What is the thousands digit of 472147?
2
What is the hundred thousands digit of 248049?
2
What is the tens digit of 433248?
4
What is the thousands digit of 1895253?
5
What is the thousands digit of 4375752?
5
What is the hundred thousands digit of 4083051?
0
What is the ten thousands digit of 124516?
2
What is the ten thousands digit of 14845523?
4
What is the millions digit of 4466243?
4
What is the tens digit of 313846?
4
What is the units digit of 70155?
5
What is the hundreds digit of 5234364?
3
What is the hundred thousands digit of 2325825?
3
What is the hundreds digit of 143854?
8
What is the ten thousands digit of 317180?
1
What is the ten thousands digit of 1661705?
6
What is the tens digit of 280425?
2
What is the units digit of 37182?
2
What is the hundreds digit of 690470?
4
What is the hundred thousands digit of 634647?
6
What is the ten thousands digit of 4223834?
2
What is the thousands digit of 946499?
6
What is the hundreds digit of 932529?
5
What is the thousands digit of 87989?
7
What is the hundred thousands digit of 995653?
9
What is the ten thousands digit of 8402765?
0
What is the ten thousands digit of 152697?
5
What is the hundreds digit of 2999834?
8
What is the hundred thousands digit of 461183?
4
What is the units digit of 1763682?
2
What is the ten millions digit of 14373180?
1
What is the hundreds digit of 307231?
2
What is the thousands digit of 9369004?
9
What is the ten thousands digit of 249232?
4
What is the hundred thousands digit of 3782164?
7
What is the hundred thousands digit of 205690?
2
What is the millions digit of 34138439?
4
What is the units digit of 4446984?
4
What is the hundred thousands digit of 22886510?
8
What is the hundred thousands digit of 1119068?
1
What is the tens digit of 16091694?
9
What is the hundred thousands digit of 35474554?
4
What is the units digit of 643300?
0
What is the tens digit of 4478021?
2
What is the tens digit of 13858546?
4
What is the thousands digit of 11670433?
0
What is the hundreds digit of 1015023?
0
What is the ten thousands digit of 3675115?
7
What is the thousands digit of 10684883?
4
What is the tens digit of 8065250?
5
What is the hundreds digit of 4017627?
6
What is the hundred thousands digit of 8611042?
6
What is the millions digit of 7094343?
7
What is the thousands digit of 4791282?
1
What is the thousands digit of 3575605?
5
What is the hundred thousands digit of 159238?
1
What is the thousands digit of 14068743?
8
What is the hundred thousands digit of 825733?
8
What is the hundred thousands digit of 269613?
2
What is the hundred thousands digit of 451345?
4
What is the hundred thousands digit of 206063?
2
What is the ten thousands digit of 365451?
6
What is the units digit of 406377?
7
What is the thousands digit of 20256269?
6
What is the thousands digit of 7508715?
8
What is the ten thousands digit of 6568923?
6
What is the tens digit of 4684841?
4
What is the units digit of 25983558?
8
What is the tens digit of 1204912?
1
What is the units digit of 15989114?
4
What is the tens digit of 1334019?
1
What is the tens digit of 1917691?
9
What is the tens digit of 194476?
7
What is the tens digit of 9697165?
6
What is the units digit of 1753435?
5
What is the hundred thousands digit of 2474676?
4
What is the hundreds digit of 493451?
4
What is the hundreds digit of 10428?
4
What is the ten thousands digit of 5302914?
0
What is the thousands digit of 90393?
0
What is the tens digit of 6313621?
2
What is the ten thousands digit of 490542?
9
What is the millions digit of 12212880?
2
What is the units digit of 1933659?
9
What is the units digit of 358846?
6
What is the hundred thousands digit of 859882?
8
What is the tens digit of 185591?
9
What is the thousands digit of 41580?
1
What is the hundred thousands digit of 3241692?
2
What is the tens digit of 2550701?
0
What is the millions digit of 22658986?
2
What is the millions digit of 1644960?
1
What is the hundred thousands digit of 706535?
7
What is the thousands digit of 234814?
4
What is the units digit of 2872841?
1
What is the units digit of 562856?
6
What is the ten thousands digit of 9372205?
7
What is the tens digit of 2371657?
5
What is the thousands digit of 315678?
5
What is the units digit of 653898?
8
What is the hundred thousands digit of 696712?
6
What is the ten thousands digit of 86878?
8
What is the hundred thousands digit of 12064879?
0
What is the ten thousands digit of 6456423?
5
What is the ten thousands digit of 236323?
3
What is the hundred thousands digit of 1260635?
2
What is the hundreds digit of 168689?
6
What is the ten thousands digit of 467222?
6
What is the thousands digit of 2370?
2
What is the hundred thousands digit of 338116?
3
What is the hundred thousands digit of 712413?
7
What is the hundred thousands digit of 4726108?
7
What is the tens digit of 197779?
7
What is the units digit of 2861837?
7
What is the units digit of 2138971?
1
What is the thousands digit of 566754?
6
What is the thousands digit of 384543?
4
What is the hundreds digit of 1874863?
8
What is the millions digit of 3816520?
3
What is the thousands digit of 3564556?
4
What is the tens digit of 10303848?
4
What is the hundred thousands digit of 1591359?
5
What is the tens digit of 305927?
2
What is the millions digit of 8641618?
8
What is the millions digit of 25395562?
5
What is the ten millions digit of 10361792?
1
What is the millions digit of 5121873?
5
What is the hundreds digit of 216126?
1
What is the units digit of 25327542?
2
What is the thousands digit of 519608?
9
What is the hundreds digit of 58737?
7
What is the ten millions digit of 12804296?
1
What is the hundreds digit of 744?
7
What is the units digit of 1146795?
5
What is the hundreds digit of 864087?
0
What is the thousands digit of 316373?
6
What is the tens digit of 482346?
4
What is the tens digit of 405232?
3
What is the thousands digit of 688977?
8
What is the millions digit of 1125569?
1
What is the hundreds digit of 2219904?
9
What is the thousands digit of 857981?
7
What is the hundred thousands digit of 2658886?
6
What is the hundreds digit of 9504961?
9
What is the units digit of 105954?
4
Wha